
What is the remainder when 1897 is divided by 294?
133
Calculate the remainder when 3975 is divided by 117.
114
What is the remainder when 68 is divided by 63?
5
What is the remainder when 228 is divided by 11?
8
Calculate the remainder when 682 is divided by 112.
10
What is the remainder when 30 is divided by 23?
7
Calculate the remainder when 124 is divided by 68.
56
What is the remainder when 64 is divided by 25?
14
Calculate the remainder when 256 is divided by 48.
16
Calculate the remainder when 7 is divided by 6.
1
Calculate the remainder when 8519 is divided by 30.
29
Calculate the remainder when 1997 is divided by 33.
17
What is the remainder when 38 is divided by 38?
0
What is the remainder when 104 is divided by 39?
26
Calculate the remainder when 487 is divided by 11.
3
Calculate the remainder when 160 is divided by 127.
33
Calculate the remainder when 7559 is divided by 360.
359
Calculate the remainder when 18325 is divided by 15.
10
Calculate the remainder when 126 is divided by 70.
56
Calculate the remainder when 73 is divided by 69.
4
What is the remainder when 213 is divided by 73?
67
What is the remainder when 16 is divided by 7?
2
What is the remainder when 241 is divided by 61?
58
What is the remainder when 341 is divided by 99?
44
What is the remainder when 26 is divided by 12?
2
What is the remainder when 1080 is divided by 525?
30
What is the remainder when 42 is divided by 2?
0
Calculate the remainder when 774 is divided by 204.
162
Calculate the remainder when 4700 is divided by 84.
80
Calculate the remainder when 1623 is divided by 28.
27
What is the remainder when 499 is divided by 111?
55
Calculate the remainder when 730 is divided by 48.
10
What is the remainder when 5828 is divided by 136?
116
What is the remainder when 1058 is divided by 521?
16
Calculate the remainder when 2928 is divided by 293.
291
Calculate the remainder when 7747 is divided by 76.
71
Calculate the remainder when 5953 is divided by 9.
4
What is the remainder when 3700 is divided by 88?
4
Calculate the remainder when 160 is divided by 22.
6
Calculate the remainder when 822 is divided by 104.
94
Calculate the remainder when 160 is divided by 37.
12
Calculate the remainder when 44 is divided by 37.
7
Calculate the remainder when 90 is divided by 23.
21
Calculate the remainder when 233 is divided by 34.
29
Calculate the remainder when 1546 is divided by 19.
7
Calculate the remainder when 12336 is divided by 31.
29
What is the remainder when 154 is divided by 6?
4
What is the remainder when 202 is divided by 58?
28
What is the remainder when 208 is divided by 21?
19
What is the remainder when 54 is divided by 4?
2
Calculate the remainder when 712 is divided by 60.
52
Calculate the remainder when 135 is divided by 34.
33
What is the remainder when 68 is divided by 53?
15
What is the remainder when 627 is divided by 123?
12
What is the remainder when 79 is divided by 42?
37
What is the remainder when 908 is divided by 231?
215
What is the remainder when 20 is divided by 17?
3
What is the remainder when 3215 is divided by 535?
5
Calculate the remainder when 212 is divided by 36.
32
What is the remainder when 2088 is divided by 302?
276
Calculate the remainder when 1086 is divided by 8.
6
Calculate the remainder when 127 is divided by 84.
43
What is the remainder when 49 is divided by 28?
21
What is the remainder when 287 is divided by 24?
23
What is the remainder when 5053 is divided by 16?
13
Calculate the remainder when 254 is divided by 65.
59
What is the remainder when 1454 is divided by 31?
28
Calculate the remainder when 2102 is divided by 999.
104
Calculate the remainder when 5394 is divided by 71.
69
Calculate the remainder when 2681 is divided by 297.
8
What is the remainder when 621 is divided by 48?
45
Calculate the remainder when 3413 is divided by 36.
29
What is the remainder when 464 is divided by 76?
8
Calculate the remainder when 790 is divided by 51.
25
What is the remainder when 41 is divided by 39?
2
What is the remainder when 729 is divided by 17?
15
What is the remainder when 1644 is divided by 134?
36
What is the remainder when 104 is divided by 3?
2
What is the remainder when 604 is divided by 121?
120
Calculate the remainder when 348 is divided by 30.
18
Calculate the remainder when 399 is divided by 103.
90
Calculate the remainder when 66 is divided by 14.
10
What is the remainder when 7586 is divided by 23?
19
What is the remainder when 147 is divided by 4?
3
What is the remainder when 273 is divided by 97?
79
Calculate the remainder when 231 is divided by 17.
10
What is the remainder when 1455 is divided by 16?
15
Calculate the remainder when 4896 is divided by 20.
16
What is the remainder when 1249 is divided by 622?
5
Calculate the remainder when 55 is divided by 29.
26
Calculate the remainder when 432 is divided by 348.
84
Calculate the remainder when 872 is divided by 57.
17
What is the remainder when 185 is divided by 33?
20
Calculate the remainder when 280 is divided by 100.
80
What is the remainder when 165 is divided by 99?
66
What is the remainder when 12538 is divided by 392?
386
Calculate the remainder when 20 is divided by 16.
4
Calculate the remainder when 241 is divided by 146.
95
Calculate the remainder when 298 is divided by 79.
61
Calculate the remainder when 818 is divided by 166.
154
Calculate the remainder when 347 is divided by 151.
45
Calculate the remainder when 99 is divided by 43.
13
Calculate the remainder when 333 is divided by 42.
39
What is the remainder when 927 is divided by 224?
31
Calculate the remainder when 473 is divided by 65.
18
What is the remainder when 185 is divided by 32?
25
Calculate the remainder when 100 is divided by 13.
9
What is the remainder when 200 is divided by 102?
98
Calculate the remainder when 61 is divided by 32.
29
What is the remainder when 538 is divided by 530?
8
What is the remainder when 505 is divided by 25?
5
What is the remainder when 174 is divided by 59?
56
What is the remainder when 599 is divided by 295?
9
Calculate the remainder when 23 is divided by 16.
7
What is the remainder when 8851 is divided by 13?
11
What is the remainder when 1803 is divided by 477?
372
Calculate the remainder when 86 is divided by 28.
2
Calculate the remainder when 1426 is divided by 14.
12
Calculate the remainder when 68 is divided by 21.
5
What is the remainder when 41592 is divided by 235?
232
Calculate the remainder when 384 is divided by 129.
126
What is the remainder when 142 is divided by 88?
54
What is the remainder when 763 is divided by 45?
43
What is the remainder when 494 is divided by 19?
0
Calculate the remainder when 138 is divided by 70.
68
What is the remainder when 15997 is divided by 20?
17
What is the remainder when 1334 is divided by 167?
165
Calculate the remainder when 1556 is divided by 19.
17
Calculate the remainder when 1392 is divided by 691.
10
What is the remainder when 531 is divided by 41?
39
What is the remainder when 958 is divided by 121?
111
Calculate the remainder when 104 is divided by 9.
5
Calculate the remainder when 137 is divided by 8.
1
Calculate the remainder when 519 is divided by 13.
12
What is the remainder when 2347 is divided by 782?
1
Calculate the remainder when 838 is divided by 33.
13
Calculate the remainder when 393 is divided by 104.
81
Calculate the remainder when 68 is divided by 10.
8
What is the remainder when 117 is divided by 43?
31
Calculate the remainder when 173 is divided by 63.
47
Calculate the remainder when 476 is divided by 233.
10
What is the remainder when 127 is divided by 33?
28
Calculate the remainder when 189 is divided by 40.
29
Calculate the remainder when 88 is divided by 45.
43
Calculate the remainder when 733 is divided by 242.
7
What is the remainder when 197 is divided by 50?
47
What is the remainder when 158 is divided by 152?
6
What is the remainder when 115 is divided by 34?
13
Calculate the remainder when 1793 is divided by 23.
22
What is the remainder when 819 is divided by 52?
39
Calculate the remainder when 148 is divided by 50.
48
Calculate the remainder when 1049 is divided by 39.
35
What is the remainder when 2106 is divided by 62?
60
What is the remainder when 107 is divided by 29?